 is divided by w*(2 - 4/3)?
8
Let s(u) = -u - 1. Let h be s(-3). Suppose -5*b = -3*v + 83, v + 82 = 3*v + h*b. What is the remainder when v is divided by 9/6*1 - (-7 - (-39)/(-26))?
6
Calculate the remainder when 837/27 - (-1 + 1*-3) is divided by 9.
8
Let y(r) = -r + 5*r - 1 - 6*r + 0. What is the remainder when y(-10) is divided by 5?
4
Suppose 0 = -16*c + 180 - 68. Calculate the remainder when c is divided by 5.
2
Let z = 805 + -780. What is the remainder when 74 is divided by z?
24
Suppose -5*z + 0*a + 36 = 3*a, 0 = 2*z + 2*a - 16. Let n(h) = 12*h + 1115. What is the remainder when n(-92) is divided by z?
5
Let v = -16 - -30. Calculate the remainder when v is divided by 2/(-15) + (-366)/(-45).
6
Suppose -1 - 373 = -68*t + 238. Calculate the remainder when (88/(-10))/((-2)/10) is divided by t.
8
Let l(b) = b**2 - 7*b + 9. Let k be l(6). What is the remainder when 262/8 + 1/4 is divided by (-3)/9 - (-28)/k?
6
What is the remainder when 135 is divided by -17*5*(-6)/15?
33
Let w(b) be the first derivative of 4*b**3 - b - 3. Let t = -2 - -9. Calculate the remainder when w(1) is divided by t.
4
Let g(d) = d**2 + 5*d - 6. Let k be g(-4). Let c(x) = x**3 - 5*x**2 - 4*x - 8. Calculate the remainder when 2*-1 - (-5)/k*-14 is divided by c(6).
1
Let s = 11 - 7. Suppose -4*j + s*f = 56, -22 - 2 = j - 3*f. Let u = j + 62. Calculate the remainder when u is divided by 18.
17
What is the remainder when 293 is divided by (-7)/7 - (2 - 111 - -7)?
91
Suppose 64 = 7*a - 5*a. Calculate the remainder when 87 is divided by a.
23
Let x(a) = a + 11. Let d be x(-16). Let q(r) = r**2 - 2*r - 6. What is the remainder when 112 is divided by q(d)?
25
Let c be 3/2*(4 - 2). Suppose -2*d + 254 = 3*m + c*d, 2*m - 211 = 5*d. Calculate the remainder when m is divided by 24.
21
Let d(w) = 2*w**2 + 11*w - 2. Let z be d(-6). Suppose -z*c = 5*a - 83, 3*a - 53 = 3*c - 7*c. What is the remainder when 43 is divided by a?
13
Let o(r) = 9*r**2 - 5*r - 1. Calculate the remainder when 5 - 0*(1 + -2) is divided by o(1).
2
Let t = -11 + 34. Let b(c) = -7*c**3 - c**2 - c - 1. Calculate the remainder when t is divided by b(-1).
5
Calculate the remainder when (1*-1)/(6/29550*-5) is divided by 17.
16
Let y be (-2)/6 - 26/(-6). Let f = 60 - 59. Suppose y*a + f = 5. What is the remainder when 2 is divided by a?
0
Let j = -16 - -51. What is the remainder when 62 is divided by j?
27
Suppose 23 = 2*y - y. What is the remainder when 136 is divided by y?
21
Suppose -5*j + 2*s + 127 = s, 115 = 5*j - 5*s. What is the remainder when 256 is divided by j?
22
Suppose -x = -6*x + 20. Let f(n) = 3*n**2 + 8*n + 3. Let b(g) = -g**2 + g. Let t(a) = x*b(a) + f(a). What is the remainder when 53 is divided by t(11)?
11
Suppose -2*x = 3*x + 3*y - 1478, -302 = -x + y. What is the remainder when x is divided by 50?
48
Let q(x) = -6*x - 104. What is the remainder when 72 is divided by q(-20)?
8
Let i(b) = -b**2 - 40*b - 17. What is the remainder when i(-36) is divided by 12?
7
Suppose -4*d = 8, -15*s + 10*s + d + 117 = 0. What is the remainder when 130 is divided by s?
15
Calculate the remainder when 72 is divided by 24 + -2 + 0*(-5)/25.
6
Let c = 2365 + -703. What is the remainder when c is divided by 104?
102
Let v be (-4)/(-5)*15/6. Let s = -10 + 34. Suppose 0 = -2*x + v + s. What is the remainder when 36 is divided by x?
10
Suppose 35 = 23*h - 839. Calculate the remainder when 758 is divided by h.
36
Suppose 728 = 5*n - 2*m, 0 = -4*n + 2*n - 4*m + 272. Calculate the remainder when n is divided by 54.
36
Suppose -2*b = -2*i + 60, 5*i - 135 = b + 15. Suppose 6*y = -5*y + 88. Calculate the remainder when i is divided by y.
6
Suppose 2*w = -x - 9, 14 = -2*x - 5*w - 9. Suppose 4*c - 5*c + 6 = 0. What is the remainder when (x - 0)*(20 + 3) is divided by c?
5
Suppose 14*s = 5*s + 171. Let r = -258 + 371. Calculate the remainder when r is divided by s.
18
Let k = 2 + 18. Suppose 4*v + k - 68 = 0. Let z = 11 + v. What is the remainder when z is divided by 12?
11
Suppose -7*z = -5*m - 4*z + 189, 5*m - 174 = -2*z. Calculate the remainder when 286 is divided by m.
34
Let k(q) = -q + 33. Suppose -66 = -13*i + 2*i. Calculate the remainder when k(7) is divided by i.
2
Let m(h) = 8*h - 7. Let p(l) = -36 + 71 - l - 34. What is the remainder when m(5) is divided by p(-17)?
15
Suppose -5*a + 7*y + 55 = 2*y, 4*y = -3*a + 12. Let f = 0 + a. What is the remainder when 4/(-6) + (-190)/(-6) is divided by f?
7
Suppose 399 = -3*p - 2*p + 4*u, -20 = 5*u. Let i = 96 + p. Calculate the remainder when 37 is divided by i.
11
Suppose -72 = -4*j + 80. Let s = 288 - 177. Calculate the remainder when s is divided by j.
35
Let f(l) = l - 12. Let k be f(8). Let g(n) = -8*n + 9. What is the remainder when 120 is divided by g(k)?
38
Let a = 38 + -27. Calculate the remainder when a is divided by (-22)/(-77) - (-108)/14.
3
Calculate the remainder when (1604/8)/(3/12) is divided by 26.
22
Suppose w = -24*w + 225. What is the remainder when w is divided by 8?
1
Suppose 3*y = y + 42. Let x = -12 + y. What is the remainder when 1 - (-50)/(2*1) is divided by x?
8
Let b = -4228 + 4278. Suppose -23 + 5 = -2*s. What is the remainder when b is divided by s?
5
Suppose 4*h + 4*o - 52 = 0, -5*h + o = -h - 62. Suppose 2*d - 22 = -4. What is the remainder when h is divided by d?
6
Let f(g) = g**3 + 39*g**2 - 84*g - 79. What is the remainder when 9 is divided by f(-41)?
0
Suppose 5*d - 40 = 5*b, -2*b - 5*d = -2*d + 16. Let i(w) = w**3 + 7*w**2 - 8*w + 4. Calculate the remainder when i(b) is divided by 2.
0
Let w(m) = 61*m + 519. Calculate the remainder when w(-8) is divided by 10.
1
What is the remainder when ((2 - -4) + -5)*(337 - -4) is divided by 18?
17
What is the remainder when 7*13 - (-2)/(-1 + -1) is divided by 7?
6
Let h = 22 + -17. Suppose w - 41 = u, 31 + 37 = 2*w + h*u. Suppose 1 + w = 5*m. What is the remainder when 28 is divided by m?
4
Suppose 47*a - 41*a - 312 = 0. What is the remainder when a is divided by 32?
20
Let r = 12 - 3. Let x(j) = -16*j - 30. Suppose 17 = -3*p + 5. Calculate the remainder when x(p) is divided by r.
7
Suppose f - 16 = 38. Calculate the remainder when f is divided by 7.
5
Suppose -2*a - 32 = 4*o, 5*a - 10 = 5*o - 60. Calculate the remainder when 17 is divided by 0 + 3 - a/4.
5
Let d(m) = m**2 + 21*m - 5. Let g be d(-20). What is the remainder when 17 is divided by (5/1 - 2)/((-15)/g)?
2
Let t = -188 - -194. What is the remainder when 21 is divided by t?
3
Suppose 13096 = 62*h - 2962. Calculate the remainder when h is divided by 87.
85
Let p(y) = -y**2 - 8*y - 6. Let z be p(-6). Suppose -3*o + z*o = 126. Let j = -63 + 85. What is the remainder when o is divided by j?
20
Let m = 574 + -525. What is the remainder when 388 is divided by m?
45
Let g(r) = -r**3 + 37*r**2 + 3*r - 64. What is the remainder when g(37) is divided by 24?
23
Suppose 0 = -l + 135 - 52. Suppose -5*j - 47 = -i, 2*j = 5*i + 4*j - 208. Calculate the remainder when l is divided by i.
41
Suppose 0 = 2*y + 3*i - 42, 14*y - 15*y + 2*i + 7 = 0. What is the remainder when (-175)/(-3) + 6/(-18) is divided by y?
13
What is the remainder when 10 is divided by -34 + 38 + (-1)/1?
1
Let i(k) = -k**3 + 30*k**2 + 73*k + 7. Calculate the remainder when i(32) is divided by 75.
70
Suppose -17*f + 1764 = 32*f. Let d(z) = 20*z**2 - z + 1. What is the remainder when f is divided by d(1)?
16
Suppose -67*m = -56*m - 1034. Calculate the remainder when m is divided by 38.
18
Let l be (-20)/4 - (-16)/2. Suppose l*t - 12 = 105. Calculate the remainder when t is divided by 14.
11
Let l = -55 - -33. Let o = l + 24. Let b = 18 - 11. What is the remainder when b is divided by o?
1
Let b(h) = -h**3 + 9*h**2 + 22*h - 32. What is the remainder when b(10) is divided by 15?
13
Suppose 0 = -3*i - 0*s - 3*s + 3, 3*i = -5*s + 11. What is the remainder when 4 - -1*(i - -34) is divided by 12?
11
Let g(s) = 7 + s**3 + 4*s**2 + 5*s + 0*s**2 + 5*s**2. Let a(c) = -3*c + 1. Calculate the remainder when g(-8) is divided by a(-5).
15
What is the remainder when 195 is divided by (-428)/(-22) + (-84)/(-154)?
15
Let y be (0 - -1) + 1 + -1. Let x = -3 + y. What is the remainder when ((-28)/(-3))/(x/(-3)) is divided by 8?
6
Let r = 52 - -36. What is the remainder when r is divided by 20/12*(7 + 2)?
13
Suppos